 the remainder when 96 is divided by d.
14
Suppose 57 = h + 16. Calculate the remainder when h is divided by (3 + -26 - -1)/(-1).
19
Let m(z) = -z**3 + 9*z**2 - z - 16. What is the remainder when m(4) is divided by 32?
28
Suppose 4*z + 2*v - 34 = 0, 4 = z + 4*v - 15. Let x = 31 + z. What is the remainder when 150 is divided by x?
36
Let b(h) = -5*h - 14. Let w be b(2). Suppose -f = -5*k - 3*f - 212, 3*k = -2*f - 128. Let p = w - k. Calculate the remainder when 71 is divided by p.
17
Let n(f) = 2*f - 31. Let y be n(15). Let z(c) = -68*c + 2. Let b = -7 - -25. Calculate the remainder when z(y) is divided by b.
16
Suppose 744 = 4*k + l + l, -3*l = k - 186. What is the remainder when k is divided by 60?
6
Suppose 4*j - 2*t - 176 = 0, -4*j + 128 = t - 42. Let x = -3 + -1. Let v(u) = u**3 + 4*u**2 - 4*u - 1. What is the remainder when j is divided by v(x)?
13
Let v(m) = -3 + 10*m - m**2 - 11 + 5. Let x(q) = -q**2 - 9*q + 8. What is the remainder when x(-6) is divided by v(8)?
5
What is the remainder when 76 is divided by 18 + -10 - 11 - -7?
0
Suppose 5*c + l - 56 = 0, -2*c + 5*l + 28 = 4*l. Let s(d) = d**3 + 6*d**2 - 136*d + 23. Calculate the remainder when s(9) is divided by c.
2
Let c(k) = 470*k**2 - k - 2. What is the remainder when c(-1) is divided by 4?
1
Calculate the remainder when (-2)/8*(-7 - (109 - 0)) is divided by 5.
4
Calculate the remainder when 470/(-5)*(-3)/6 is divided by (-12)/(-9)*78/4.
21
Suppose y = -5*d + 146 + 23, 487 = 3*y + 5*d. What is the remainder when y is divided by 46?
21
Let f be (-13)/1 - (-1 - -1). Let q = f + 38. Calculate the remainder when q is divided by 9.
7
Suppose 4*s - 13 - 23 = 0. Suppose 693*k - 692*k - 1 = 3*y, 2*k = -3*y + 20. Calculate the remainder when s is divided by k.
2
Suppose 31*g = 26*g + 100. What is the remainder when 230 is divided by g?
10
Suppose -u + 2*j = -43 + 17, -37 = -2*u + j. Let o(p) = 6*p - 3. What is the remainder when o(u) is divided by 32?
29
Let r = 4 - 2. Suppose 0 = -2*g + g - 5*f - 26, -r*f = -4*g + 6. What is the remainder when 39 is divided by -1*g/((-2)/(-20))?
9
Suppose -47*h + 867 = -9379. What is the remainder when h is divided by 13?
10
Let g(d) = d**2 - 5*d + 13. Suppose 9*z - 4*z = 65. Calculate the remainder when g(z) is divided by 30.
27
Let r(i) = 113*i - 23. What is the remainder when r(5) is divided by 32?
30
Suppose 3*l = -9, -5*r = -r - 2*l - 18. Suppose 82 = 3*j + 2*t - r*t, 3*j - 80 = 2*t. What is the remainder when 166 is divided by j?
26
Suppose 9*r - 1502 = -602. What is the remainder when r is divided by 3?
1
Let f(s) = 5*s**2 - 5. Let w be 0 - (2 + 1) - -5. Calculate the remainder when f(w) is divided by 9.
6
Let s(n) = 2*n**2 + 8*n - 12. Let r be s(-5). Calculate the remainder when 41 is divided by r/2 - -14 - -2.
11
Let h(s) = 5*s - 35. Let w be h(7). Suppose 65 = 4*o - 3*z, 4*o - 4*z + 2*z - 70 = w. Calculate the remainder when 59 is divided by o.
19
Suppose l = 3*t + 2*t - 12, 10 = -5*l. Suppose 0*w + t*w = -2, r + w = -4. Calculate the remainder when 62 is divided by (-47)/r + 3/9.
14
Suppose 5*p - 22 = 2*y + 272, -72 = -p - 4*y. Let g = p + -38. What is the remainder when g is divided by 5?
2
Suppose -51 = -6*l + 3*l. Suppose -3*r - 2*r + 10 = 0. Calculate the remainder when l is divided by (6/(-18))/(r/(-36)).
5
Let o(i) = 57*i**2 + 14*i + 3. Let d = 5 + -22. Let z(s) = 19*s**2 + 5*s + 1. Let b(t) = d*z(t) + 6*o(t). Calculate the remainder when 35 is divided by b(1).
16
Let t be 2/(-1) + (-6)/(-3). Suppose 37 = 5*s - s - q, t = 2*s + q - 11. Suppose p - s = -4. What is the remainder when 5 is divided by p?
1
Let t(f) = f**2 + 5*f - 25. Suppose -2*j + 3*s + 20 = -j, j = -3*s - 10. Calculate the remainder when 122 is divided by t(j).
22
Let z = 326 + -318. What is the remainder when 33 is divided by z?
1
Let p = 491 + -472. Calculate the remainder when 189 is divided by p.
18
Let a = -28 - -31. Suppose 12 = -i - 8*o + a*o, 4*o - 48 = 4*i. Let w = 45 + i. Calculate the remainder when 129 is divided by w.
30
Let z = 1769 - 1223. Calculate the remainder when z is divided by 92.
86
Suppose -2*p - p = 2*g + 1, 3*g - 6 = -3*p. Suppose 0 = b - m - 10, g*m = -5*b + 2*m. What is the remainder when b is divided by 5?
0
Suppose 35 = 5*j + 5*y, 0*y = 4*j + y - 13. Suppose -4*c - j*c + 270 = 0. Calculate the remainder when c is divided by 16.
13
Suppose -16*d + 18*d - 28 = 0. Calculate the remainder when 26 is divided by d.
12
Let q(a) be the third derivative of a**4/12 - 7*a**3/2 - 41*a**2. Calculate the remainder when 87 is divided by q(15).
6
Let r = 1456 - 1453. What is the remainder when 32 is divided by r?
2
Suppose -m + 0*u - 3*u + 15 = 0, -3*u - 45 = -4*m. Suppose 3*v + v - 142 = -3*k, 0 = 5*v - 5. What is the remainder when k is divided by m?
10
Let w(l) = l - 7. Let i = -54 + 72. What is the remainder when w(i) is divided by 2?
1
Let p = -97 - -128. Calculate the remainder when -1 - -2 - (-6 - 84) is divided by p.
29
Suppose -4*x + 29 + 5 = -3*a, x + 5*a - 20 = 0. Suppose 6*l - 12*l = 36*l - 1554. Calculate the remainder when l is divided by x.
7
Suppose 24*p + 460 = 29*p. Suppose p = 7*s - 3*s. What is the remainder when s is divided by 15?
8
Calculate the remainder when 3/(2/2) - (-10 - 318) is divided by 13.
6
Let o(i) = -i**3 - 16*i**2 - 29*i - 20. Let x be o(-14). What is the remainder when 9 is divided by (0 + (-10)/(-3))*(-9)/x?
4
Suppose -3*x - 22*h = -23*h - 1222, 5*x + 2*h - 2033 = 0. Calculate the remainder when x is divided by 68.
67
Suppose 0 = -0*q - 6*q + 144. Let a = -14 + q. What is the remainder when 18 is divided by a?
8
Suppose -15 = 3*t, 2*t - 195 = -5*y + t. What is the remainder when y is divided by 12?
4
Suppose 70 + 116 = 3*d. Suppose -2*g - 248 = -4*b, b - g = g + d. Calculate the remainder when b is divided by 13.
10
Let w(d) = 5*d - 46. Let p be w(10). Let g(h) = h**3 + 2*h**2 + 5*h - 10. Suppose 4*o + 0*o = 108. What is the remainder when g(p) is divided by o?
25
Suppose -471 = -49*p + 46*p - r, 0 = -p + 4*r + 157. Calculate the remainder when p is divided by 74.
9
Let z = -842 + 951. What is the remainder when 314 is divided by z?
96
Let c(n) = 3*n**2 + 3*n + 10. Let u be c(-3). Suppose -33*h = -u*h - 105. Calculate the remainder when 40 is divided by h.
19
Let r = 14 + -9. Suppose -r*l = -3*l - 88. Calculate the remainder when 43 is divided by l/(-6)*(-6)/4.
10
Let m = 9302 + -9279. Let r(i) = 9*i**2 + 3*i. Let u = -5 - -8. Calculate the remainder when r(u) is divided by m.
21
Let k(q) = q + 3 - 3. Let u be k(2). Suppose -7*y = -u*y - 65. What is the remainder when y is divided by 7?
6
Let s = -635 + 665. What is the remainder when 50 is divided by s?
20
Suppose 0*r = -r - 322. Let w = -568 - r. Let p = 354 + w. What is the remainder when p is divided by 28?
24
Suppose 4*n - 3*n + 112 = 4*z, 5*z + 2*n = 127. Let g = 68 - 176. What is the remainder when z is divided by (-133)/(-9) - 24/g?
12
Suppose 154 = 2*b - 8*t, -2*b - 34 = 5*t - 175. What is the remainder when 505 is divided by b?
67
Let v(q) = 20*q + 83. Let u be v(-4). Suppose -2*m + 10 - 2 = 0. Suppose 0 = u*c - t - 27, c - 3*t + 3 = m. Calculate the remainder when 36 is divided by c.
6
Suppose 33 = 2*v + v + 2*s, 4*v - 21 = 5*s. What is the remainder when 55 is divided by (-42)/8*(-24)/v?
13
Let v be (1 - -2) + (1 - -2). Let o(t) = t**3 - 6*t**2 + 2*t - 9. Let g be o(v). Calculate the remainder when ((-68)/(-6))/(1/g) is divided by 12.
10
Suppose 5*b - t = 197, 3*b - 5*t = -t + 125. What is the remainder when b is divided by 11?
6
What is the remainder when ((-2360)/12)/(50/(-15) - -3) is divided by 148?
146
What is the remainder when 103 is divided by -26 + 76 - (2 - 7)?
48
Let x(y) = -2 + 4*y**2 - y - 2*y + 2*y**2. Suppose 2 = -3*i - 1. Calculate the remainder when 13 is divided by x(i).
6
Suppose 0*v = v - 35. Suppose -5*s + 20 = -v. What is the remainder when s is divided by 9 - (3 + (-1 + 1)/4)?
5
Let d = -482 + 486. What is the remainder when 364 is divided by d?
0
Let z(c) = c - 7. Let x = 29 + -16. Suppose x = 5*l - 4*l. What is the remainder when l is divided by z(11)?
1
Suppose -2*v - 2*x = 8, v + 5*x = -0*v - 20. Suppose -7*b + 13 + 260 = v. Let z = b - 31. Calculate the remainder when 13 is divided by z.
5
Suppose 4*k - 2*c - 389 = 3*c, 4*k - 41